e 14) to base 6.
3335
-2755 (base 9) to base 15
-935
What is ca9 (base 15) in base 14?
1083
Convert -5160 (base 7) to base 10.
-1806
-225511 (base 6) to base 15
-5b41
What is 21822 (base 9) in base 14?
5411
What is -216 (base 12) in base 5?
-2211
What is 3927 (base 14) in base 6?
114235
d7 (base 16) to base 8
327
-101407 (base 8) to base 11
-23224
What is 6ac3 (base 15) in base 10?
22683
What is -14340 (base 9) in base 12?
-5790
-2504 (base 7) to base 2
-1110100111
Convert 11001001001111 (base 2) to base 7.
52356
What is 1101 (base 6) in base 14?
141
1184 (base 9) to base 14
474
Convert -2213 (base 5) to base 4.
-10310
Convert -10b (base 16) to base 6.
-1123
-3220 (base 5) to base 2
-110110011
Convert -c60 (base 15) to base 16.
-ae6
What is 233d (base 15) in base 11?
5693
What is -42507 (base 8) in base 14?
-666b
581a5 (base 11) to base 14
22905
What is -1100010202 (base 3) in base 12?
-132b5
Convert -5050 (base 6) to base 4.
-101112
-1447 (base 8) to base 2
-1100100111
What is -10010010011 (base 2) in base 14?
-5d9
218d (base 16) to base 2
10000110001101
-5213 (base 14) to base 10
-14129
What is 15332 (base 6) in base 15?
b1e
What is 2242 (base 5) in base 6?
1254
Convert 1036 (base 8) to base 7.
1403
-1103a (base 15) to base 9
-82131
-2201220 (base 3) to base 16
-7cb
What is -76 (base 13) in base 2?
-1100001
Convert -836 (base 14) to base 8.
-3120
Convert -32 (base 9) to base 13.
-23
Convert -6389 (base 16) to base 7.
-134201
What is 7862 (base 9) in base 5?
141212
What is 16244 (base 9) in base 14?
40b7
Convert -2996 (base 11) to base 9.
-5254
454 (base 7) to base 15
10a
-3d9 (base 15) to base 2
-1101101111
Convert 202144 (base 5) to base 14.
255b
What is -29138 (base 10) in base 8?
-70722
Convert -16531 (base 7) to base 9.
-6431
4b6 (base 12) to base 2
1011001010
Convert 3562 (base 9) to base 5.
41043
-290 (base 16) to base 9
-808
Convert -a15 (base 14) to base 16.
-7bb
What is 4ca (base 16) in base 5?
14401
What is 1000111110 (base 2) in base 5?
4244
Convert 2100220 (base 3) to base 14.
8b3
-101011200 (base 3) to base 12
-4360
Convert 160 (base 7) to base 5.
331
-3332342 (base 5) to base 13
-207cb
What is 2870 (base 9) in base 10?
2169
What is -1001110111111 (base 2) in base 7?
-20511
What is 1c (base 14) in base 10?
26
What is 45bd (base 14) in base 11?
9121
What is -27701 (base 8) in base 4?
-2333001
Convert 22220012 (base 3) to base 10.
6485
What is 243443 (base 5) in base 4?
2100200
143a8 (base 11) to base 12
b9ba
What is 1001001 (base 3) in base 13?
463
Convert d96 (base 15) to base 3.
11012120
What is -138 (base 14) in base 3?
-100010
b67b (base 14) to base 13
11429
Convert -43b (base 13) to base 3.
-222220
Convert -2878 (base 9) to base 7.
-6230
What is 123022 (base 4) in base 10?
1738
What is -12302 (base 5) in base 10?
-952
What is -e5f0 (base 16) in base 8?
-162760
What is -7e8f (base 16) in base 3?
-1122102222
Convert -2384 (base 10) to base 9.
-3238
-250d (base 14) to base 15
-1dc1
-223332 (base 4) to base 7
-11130
Convert -4678 (base 9) to base 5.
-102343
What is 112011 (base 3) in base 16?
17e
What is 11021 (base 3) in base 16?
73
What is 61342 (base 7) in base 4?
3221032
10320 (base 5) to base 4
23012
What is -5703 (base 11) in base 4?
-1311101
202002 (base 3) to base 14
2aa
11010000110010 (base 2) to base 6
141510
What is 658 (base 11) in base 9?
1066
Convert 404130 (base 5) to base 13.
5c21
83 (base 16) to base 13
a1
13301 (base 9) to base 16
2320
What is -6e5 (base 16) in base 8?
-3345
Convert 4324 (base 6) to base 11.
819
Convert 486 (base 12) to base 9.
833
-300a (base 13) to base 6
-50321
Convert 13113 (base 5) to base 14.
53b
Convert -14222 (base 5) to base 8.
-2243
-2441 (base 5) to base 4
-11303
1330 (base 4) to base 16
7c
Convert -21201 (base 5) to base 12.
-9aa
a697 (base 12) to base 13
8407
Convert 11727 (base 11) to base 3.
212010000
Convert -2053 (base 11) to base 9.
-3652
Convert 17e (base 16) to base 8.
576
What is -3233 (base 5) in base 8?
-673
What is 14f7 (base 16) in base 14?
1d55
104130 (base 5) to base 11
2832
29348 (base 12) to base 10
57512
14502 (base 6) to base 9
3182
What is -10010011011 (base 2) in base 5?
-14204
Convert -1100010110011010 (base 2) to base 15.
-eec6
10305 (base 6) to base 8
2601
Convert 1351 (base 6) to base 14.
1b5
What is -3571 (base 10) in base 8?
-6763
What is 5204 (base 6) in base 10?
1156
6631 (base 8) to base 13
177a
What is -88b8 (base 15) in base 12?
-14925
Convert 841 (base 9) to base 7.
1666
What is 20333 (base 4) in base 5?
4300
Convert -9e4a (base 15) to base 13.
-123a3
What is 12015 (base 7) in base 12?
1963
Convert 86 (base 16) to base 13.
a4
Convert -1423 (base 5) to base 9.
-284
What is 1672 (base 16) in base 3?
21212211
Convert bca (base 14) to base 5.
33314
What is 5343 (base 9) in base 15?
126c
What is 3e5 (base 16) in base 11?
827
What is 200010101 (base 3) in base 8?
31635
49c (base 16) to base 6
5244
11200 (base 4) to base 16
160
What is -23301 (base 4) in base 10?
-753
What is -2444441 (base 5) in base 7?
-253436
What is 2230 (base 5) in base 4?
10323
What is -14927 (base 14) in base 5?
-3114231
What is -103725 (base 8) in base 11?
-24142
22222 (base 3) to base 9
288
What is -103 (base 14) in base 5?
-1244
What is 1ba (base 13) in base 9?
387
-203023 (base 4) to base 11
-1767
-2990 (base 10) to base 7
-11501
122222 (base 3) to base 14
269
-a7c5 (base 15) to base 10
-35510
3751 (base 10) to base 7
13636
Convert -1c0 (base 13) to base 9.
-401
Convert 5551 (base 6) to base 8.
2413
What is 12300213 (base 4) in base 12?
14033
Convert -22320 (base 6) to base 8.
-6110
299 (base 10) to base 8
453
What is -1271 (base 9) in base 12?
-677
Convert 61243 (base 7) to base 4.
3220132
33232 (base 4) to base 7
2635
What is 112011 (base 4) in base 2?
10110000101
What is -6b9 (base 12) in base 8?
-1755
Convert 47143 (base 9) to base 5.
2001332
What is 243 (base 12) in base 7?
663
Convert 724 (base 8) to base 13.
2a0
What is -10000011100111 (base 2) in base 13?
-3aac
-252 (base 9) to base 12
-155
What is 32224 (base 6) in base 5?
120113
1015000 (base 6) to base 11
33925
What is -868b (base 12) in base 13?
-6971
Convert -115 (base 11) to base 9.
-162
2404 (base 5) to base 6
1350
-10813 (base 9) to base 10
-7221
-345 (base 8) to base 5
-1404
1299 (base 12) to base 8
4125
What is 340232 (base 7) in base 6?
1142242
-167a (base 15) to base 14
-1a9a
1597 (base 12) to base 11
1a20
What is 473 (base 13) in base 15?
365
What is 13136 (base 9) in base 2?
10001010011110
Convert -18314 (base 14) to base 12.
-2b352
What is -3116 (base 8) in base 13?
-972
What is -52677 (base 9) in base 4?
-20200003
-491 (base 15) to base 7
-3010
43223 (base 5) to base 7
11365
What is 2311220 (base 4) in base 9?
16845
-261c1 (base 13) to base 10
-70630
Convert 1334 (base 6) to base 10.
346
-400 (base 5) to base 6
-244
What is -15995 (base 13) in base 11?
-28a45
1926 (base 12) to base 11
2327
What is 3201203 (base 4) in base 15?
4425
-6139 (base 11) to base 13
-392b
-222 (base 10) to base 12
-166
-2b1 (base 14) to base 10
-547
-3045 (base 6) to base 4
-22211
4062 (base 11) to base 6
40544
Convert -3504 (base 6) to base 12.
-594
Convert -7326 (base 8) to base 6.
-25330
What is 56035 (base 7) in base 13?
654a
Convert 604 (base 15) to base 16.
54a
Convert -11e2 (base 15) to base 8.
-7344
What is -1540 (base 7) in base 6?
-2504
3043322 (base 5) to base 12
24a11
10663 (base 8) to base 9
6184
Convert 5688 (base 9) to base 12.
252b
Convert -1001111111000 (base 2) to base 3.
-21000100
What is -bab (base 16) in base 5?
-43422
-acf (base 16) to base 13
-134b
Convert 286 (base 9) to base 4.
3300
Convert 1138 (base 9) to base 7.
2315
4b0 (base 12) to base 13
426
2222 (base 7) to base 12
568
Convert -173 (base 12) to base 14.
-127
Convert 8822 (base 11) to base 4.
2311320
What is 24359 (base 10) in base 4?
11330213
What is -1d03 (base 15) in base 16?
-189f
What is 1602 (base 8) in base 11?
747
-24b8 (base 12) to base 10
-4172
What is 1121112000 (base 3) in base 13?
11595
Convert -18a0 (base 14) to base 11.
-3388
Convert 3451 (base 6) to base 12.
587
-13313 (base 5) to base 15
-4c3
10697 (base 13) to base 11
2034a
Convert 14514 (base 6) to base 3.
10020001
What is -230032 (base 4) in base 14?
-1062
-47 (base 9) to bas